{"id":77,"date":"2020-01-02T21:06:12","date_gmt":"2020-01-02T21:06:12","guid":{"rendered":"http:\/\/alexander-manhart.com\/?page_id=77"},"modified":"2022-06-02T17:07:52","modified_gmt":"2022-06-02T17:07:52","slug":"ueber-mich","status":"publish","type":"page","link":"https:\/\/alexander-manhart.com\/?page_id=77","title":{"rendered":"\u00dcber mich"},"content":{"rendered":"\n<div class=\"wp-block-media-text alignwide has-media-on-the-right is-stacked-on-mobile\"><figure class=\"wp-block-media-text__media\"><img loading=\"lazy\" decoding=\"async\" width=\"1024\" height=\"682\" src=\"http:\/\/alexander-manhart.com\/wp-content\/uploads\/2022\/06\/manhart_50p-1024x682.jpg\" alt=\"\" class=\"wp-image-149 size-full\" srcset=\"https:\/\/alexander-manhart.com\/wp-content\/uploads\/2022\/06\/manhart_50p-1024x682.jpg 1024w, https:\/\/alexander-manhart.com\/wp-content\/uploads\/2022\/06\/manhart_50p-300x200.jpg 300w, https:\/\/alexander-manhart.com\/wp-content\/uploads\/2022\/06\/manhart_50p-768x512.jpg 768w, https:\/\/alexander-manhart.com\/wp-content\/uploads\/2022\/06\/manhart_50p-1536x1024.jpg 1536w, https:\/\/alexander-manhart.com\/wp-content\/uploads\/2022\/06\/manhart_50p-2048x1365.jpg 2048w\" sizes=\"auto, (max-width: 1024px) 100vw, 1024px\" \/><\/figure><div class=\"wp-block-media-text__content\">\n<p>Mein Name ist Alexander Manhart und ich lebe mit meiner Familie in der niederbayerischen Stadt Abensberg \u2013 zentral zwischen Ingolstadt und Regensburg. Meinen beruflichen Start hatte ich im Bereich Elektrotechnik und nach zw\u00f6lf Jahren als Soldat auf Zeit war es mir m\u00f6glich mich beruflich neu aufzustellen. Damit verbunden war meine 2009 begonnene Selbst\u00e4ndigkeit.<\/p>\n\n\n\n<p>Meine Neuausrichtung begann mit der Qualifikation zum Psychologischen Berater inkl. der Weiterbildung zum Systemischen Berater \u2013 Ziel war hier die T\u00e4tigkeit als Heilpraktiker f\u00fcr Psychotherapie. Im April 2010 habe ich dann durch \u00dcberpr\u00fcfung beim Gesundheitsamt in Landshut die Erlaubnis zur Durchf\u00fchrung von Psychotherapie als Heilpraktiker Psychotherapie erworben. Meine psychotherapeutische Begleitung basiert haupts\u00e4chlich auf Gespr\u00e4chstherapie mit dem Schwerpunkt der Systemischen Therapie. Je nach Situation wende ich erg\u00e4nzend oder alternativ andere Therapieverfahren an.<\/p>\n\n\n\n<p>Bereits 2007 habe ich erste Erfahrungen als Dozent im EDV-Bereich auf nebenberuflicher Basis gesammelt und sp\u00fcrte bereits damals die Freude, welche mir diese T\u00e4tigkeit machte und bis heute macht. Um mich weiterzubilden besuchte ich ein paar Grundlagenseminare. Die ersten Jahre besch\u00e4ftigte ich mich mit MS-Office Inhalten und der Qualifizierung zum Microsoft Office Specialist in den Programmversionen 2007 und 2010. Im Anschluss daran \u00e4nderte sich mein Schwerpunkt hin zur Begleitung bei Bewerbungsprozessen und in den letzten Jahren auch zur fachlichen Begleitung von Menschen auf Ihrem Weg zum Fachwirt im Gesundheits- und Sozialwesen und zum Kaufmann bzw. zur Kauffrau im Gesundheitswesen. Um mich weiter f\u00fcr meine T\u00e4tigkeit zu qualifizieren und neue Gesch\u00e4ftsfelder zu erschlie\u00dfen, habe ich meine Fortbildung zum gepr\u00fcften Berufsp\u00e4dagogen (IHK) im Oktober 2021 erfolgreich abgeschlossen.<\/p>\n\n\n\n<p>Zudem machte ich als Besitzer einer Physiotherapiepraxis einen mehrj\u00e4hrigen Ausflug in Welt der Heilmittelerbringer und sammelte dabei viele Erfahrungen, wie etwa in der Personalf\u00fchrung mit allen notwendigen Einzelt\u00e4tigkeiten, dem Marketing im Gesundheitswesen als auch der Buchhaltung. Meine 2014 abgeschlossene Fortbildung als Fachwirt im Sozial- und Gesundheitswesen (IHK) verschaffte mir die notwendigen Grundlagen f\u00fcr meine Arbeit.<\/p>\n<\/div><\/div>\n\n\n\n<p><\/p>\n","protected":false},"excerpt":{"rendered":"<p>Mein Name ist Alexander Manhart und ich lebe mit meiner Familie in der niederbayerischen Stadt Abensberg \u2013 zentral zwischen Ingolstadt und Regensburg. Meinen beruflichen Start hatte ich im Bereich Elektrotechnik und nach zw\u00f6lf Jahren als Soldat auf Zeit war es mir m\u00f6glich mich beruflich neu aufzustellen. Damit verbunden war meine 2009 begonnene Selbst\u00e4ndigkeit. Meine Neuausrichtung [&hellip;]<\/p>\n","protected":false},"author":1,"featured_media":0,"parent":0,"menu_order":0,"comment_status":"closed","ping_status":"closed","template":"","meta":{"footnotes":""},"class_list":["post-77","page","type-page","status-publish","hentry"],"_links":{"self":[{"href":"https:\/\/alexander-manhart.com\/index.php?rest_route=\/wp\/v2\/pages\/77","targetHints":{"allow":["GET"]}}],"collection":[{"href":"https:\/\/alexander-manhart.com\/index.php?rest_route=\/wp\/v2\/pages"}],"about":[{"href":"https:\/\/alexander-manhart.com\/index.php?rest_route=\/wp\/v2\/types\/page"}],"author":[{"embeddable":true,"href":"https:\/\/alexander-manhart.com\/index.php?rest_route=\/wp\/v2\/users\/1"}],"replies":[{"embeddable":true,"href":"https:\/\/alexander-manhart.com\/index.php?rest_route=%2Fwp%2Fv2%2Fcomments&post=77"}],"version-history":[{"count":9,"href":"https:\/\/alexander-manhart.com\/index.php?rest_route=\/wp\/v2\/pages\/77\/revisions"}],"predecessor-version":[{"id":153,"href":"https:\/\/alexander-manhart.com\/index.php?rest_route=\/wp\/v2\/pages\/77\/revisions\/153"}],"wp:attachment":[{"href":"https:\/\/alexander-manhart.com\/index.php?rest_route=%2Fwp%2Fv2%2Fmedia&parent=77"}],"curies":[{"name":"wp","href":"https:\/\/api.w.org\/{rel}","templated":true}]}}